millions digit of 177184477?
7
What is the millions digit of 566567902?
6
What is the hundreds digit of 456434432?
4
What is the units digit of 81779543?
3
What is the ten millions digit of 925973357?
2
What is the thousands digit of 5572761?
2
What is the ten millions digit of 1439680918?
3
What is the units digit of 912396234?
4
What is the tens digit of 3023883699?
9
What is the ten thousands digit of 60419522?
1
What is the ten thousands digit of 515049076?
4
What is the units digit of 82145804?
4
What is the ten millions digit of 32960117?
3
What is the thousands digit of 919762380?
2
What is the millions digit of 10300044?
0
What is the hundred thousands digit of 7172492274?
4
What is the hundreds digit of 213040126?
1
What is the hundred thousands digit of 9809028?
8
What is the millions digit of 7085339262?
5
What is the hundred millions digit of 742603591?
7
What is the thousands digit of 8114443?
4
What is the tens digit of 425046433?
3
What is the hundreds digit of 644030268?
2
What is the tens digit of 102638367?
6
What is the hundreds digit of 308196576?
5
What is the hundred thousands digit of 62076056?
0
What is the hundred millions digit of 160094402?
1
What is the ten thousands digit of 132056754?
5
What is the units digit of 858536898?
8
What is the millions digit of 582885063?
2
What is the ten thousands digit of 1371683251?
8
What is the tens digit of 147853187?
8
What is the thousands digit of 576315602?
5
What is the units digit of 3835294163?
3
What is the tens digit of 366662511?
1
What is the ten millions digit of 52446413?
5
What is the billions digit of 1053825252?
1
What is the hundred millions digit of 664154169?
6
What is the ten millions digit of 664626981?
6
What is the units digit of 1009908051?
1
What is the ten millions digit of 850902094?
5
What is the units digit of 45955148?
8
What is the thousands digit of 219484582?
4
What is the hundreds digit of 21925903?
9
What is the millions digit of 10696961?
0
What is the thousands digit of 1478716540?
6
What is the units digit of 225665654?
4
What is the units digit of 664346909?
9
What is the ten thousands digit of 36953987?
5
What is the ten thousands digit of 332659709?
5
What is the tens digit of 328691334?
3
What is the ten millions digit of 323452852?
2
What is the hundreds digit of 469566626?
6
What is the hundred thousands digit of 115126556?
1
What is the ten thousands digit of 42839167?
3
What is the hundred thousands digit of 321149419?
1
What is the hundreds digit of 165448469?
4
What is the millions digit of 450396640?
0
What is the ten thousands digit of 49945314?
4
What is the hundred thousands digit of 13753813?
7
What is the thousands digit of 1544672459?
2
What is the hundred thousands digit of 387836351?
8
What is the tens digit of 318348248?
4
What is the hundreds digit of 7259528296?
2
What is the hundred millions digit of 421492492?
4
What is the hundred millions digit of 134368810?
1
What is the hundred millions digit of 161319176?
1
What is the millions digit of 113679331?
3
What is the ten millions digit of 229457577?
2
What is the billions digit of 2566912635?
2
What is the hundred thousands digit of 1329904218?
9
What is the ten thousands digit of 4978236105?
3
What is the hundred millions digit of 173127012?
1
What is the tens digit of 45401827?
2
What is the millions digit of 110451839?
0
What is the ten millions digit of 59002447?
5
What is the units digit of 11113132?
2
What is the ten thousands digit of 92065874?
6
What is the hundred thousands digit of 273509540?
5
What is the tens digit of 43972882?
8
What is the millions digit of 4074471?
4
What is the hundred thousands digit of 117379658?
3
What is the hundred thousands digit of 7348875184?
8
What is the hundred thousands digit of 732314467?
3
What is the millions digit of 3481026335?
1
What is the hundreds digit of 15708919?
9
What is the hundreds digit of 71314?
3
What is the hundred millions digit of 3311459354?
3
What is the millions digit of 181565689?
1
What is the units digit of 254453439?
9
What is the tens digit of 5527013804?
0
What is the billions digit of 1943042028?
1
What is the millions digit of 15342837?
5
What is the hundred thousands digit of 665050254?
0
What is the hundred millions digit of 151411885?
1
What is the billions digit of 7992544455?
7
What is the tens digit of 63595806?
0
What is the hundred millions digit of 296070887?
2
What is the tens digit of 13989375?
7
What is the millions digit of 2904874933?
4
What is the hundred thousands digit of 1174877737?
8
What is the thousands digit of 7339138364?
8
What is the thousands digit of 149760147?
0
What is the tens digit of 14475199?
9
What is the millions digit of 1272923926?
2
What is the units digit of 740670466?
6
What is the units digit of 72378726?
6
What is the tens digit of 68975677?
7
What is the hundred millions digit of 1455462932?
4
What is the billions digit of 1551105037?
1
What is the units digit of 450270258?
8
What is the millions digit of 1038377715?
8
What is the hundred millions digit of 991056148?
9
What is the units digit of 84294298?
8
What is the ten millions digit of 70681491?
7
What is the millions digit of 104732714?
4
What is the units digit of 470660612?
2
What is the hundred thousands digit of 198290091?
2
What is the hundred thousands digit of 553583174?
5
What is the tens digit of 1891531787?
8
What is the thousands digit of 652466132?
6
What is the millions digit of 165393042?
5
What is the thousands digit of 32837116?
7
What is the hundred thousands digit of 893102109?
1
What is the millions digit of 278172419?
8
What is the millions digit of 1266520313?
6
What is the thousands digit of 926225403?
5
What is the hundred thousands digit of 2539664704?
6
What is the hundreds digit of 26582392?
3
What is the hundreds digit of 86651036?
0
What is the tens digit of 313313229?
2
What is the hundred thousands digit of 107583857?
5
What is the ten thousands digit of 205078320?
7
What is the hundred thousands digit of 34474471?
4
What is the thousands digit of 1507343201?
3
What is the hundreds digit of 279807168?
1
What is the ten thousands digit of 41546002?
4
What is the ten millions digit of 24296386?
2
What is the hundred thousands digit of 6063751256?
7
What is the tens digit of 7763836739?
3
What is the ten millions digit of 85659506?
8
What is the hundred millions digit of 575099929?
5
What is the millions digit of 78166033?
8
What is the thousands digit of 1750553405?
3
What is the units digit of 269830358?
8
What is the thousands digit of 153932409?
2
What is the thousands digit of 37734849?
4
What is the hundreds digit of 216020765?
7
What is the units digit of 2597017533?
3
What is the ten millions digit of 2046791426?
4
What is the ten millions digit of 4120285667?
2
What is the hundred thousands digit of 139330445?
3
What is the ten millions digit of 21611776?
2
What is the hundred millions digit of 5121617006?
1
What is the hundred millions digit of 4224897687?
2
What is the millions digit of 215843064?
5
What is the ten thousands digit of 974560391?
6
What is the units digit of 29474790?
0
What is the units digit of 822037163?
3
What is the hundreds digit of 1627674351?
3
What is the units digit of 1131294727?
7
What is the tens digit of 49162306?
0
What is the hundreds digit of 2365776268?
2
What is the thousands digit of 5140489530?
9
What is the millions digit of 105567630?
5
What is the hundreds digit of 106893724?
7
What is the billions digit of 1983102440?
1
What is the hundred thousands digit of 1130040352?
0
What is the hundred millions digit of 150691622?
1
What is the units digit of 20575256?
6
What is the thousands digit of 401487130?
7
What is the millions digit of 4505118510?
5
What is the millions digit of 308099678?
8
What is the tens digit of 23328815?
1
What is the hundred thousands digit of 1311455600?
4
What is the hundred millions digit of 107435761?
1
What is the ten millions digit of 55330723?
5
What is the millions digit of 80992602?
0
What is the hundreds digit of 83077316?
3
What is the hundred millions digit of 131632091?
1
What is the tens digit of 4340079494?
9
What is the units digit of 71615339?
9
What is the ten millions digit o